16 = h - 55. Let f(v) = 6*v**2 + 4*v. Calculate the remainder when f(-3) is divided by p.
19
Suppose -3756 = -18*y + 438. Let i = 550 - y. Calculate the remainder when i is divided by 53.
52
Suppose b + 4*c + 12 = 0, -4*c + 8*c + 16 = 0. Suppose -g + u = -40, -b*g + 115 = 7*u - 2*u. Calculate the remainder when g is divided by 8.
3
Suppose o + 35*i - 32*i = 21, -2*o = i - 62. What is the remainder when 63 is divided by o?
30
Let r(l) = 49*l**2. Suppose 10 = 22*i - 17*i. Suppose -i*o = -v + 27, 3*v - 15*o = -17*o + 73. Calculate the remainder when r(1) is divided by v.
24
Let n(d) = -d**2 + 160*d - 5267. What is the remainder when 870 is divided by n(48)?
107
Suppose 2*d - r - 1 = 0, -3*r - r = 5*d + 17. Let q be (d/1)/((-6)/(-12)*-1). What is the remainder when 7 is divided by (1/q)/((-2)/(-20))?
2
Suppose i - 126 = 2*r + 2*r, i - 91 = -3*r. Let s = i - 76. Let d(b) = -134*b + 1026. Calculate the remainder when d(7) is divided by s.
28
Suppose 3*t + 3*v - 1405 + 277 = 0, 5*v + 1128 = 3*t. Calculate the remainder when t is divided by 188.
0
Suppose 5*l - h = 1319, -4*l + 1054 = -2*h - 0*h. Calculate the remainder when l is divided by 14.
12
Suppose 0 = 4*k + 2*j - 5*j - 71, 0 = 5*k - 3*j - 91. Let w = -85 + 86. What is the remainder when (-8)/(-10)*(-1)/(w/(-95)) is divided by k?
16
Suppose t + 2853 = 4*g, -g - 4*g - 2*t = -3550. Suppose -8*q + g = -280. What is the remainder when q is divided by 26?
20
Let z(w) = w**3 + 29*w**2 - 67*w + 3. Let v be z(-31). Suppose 3*l - 17 = -2*h + v, 2*h - 185 = -5*l. What is the remainder when h is divided by 41?
39
Suppose 14 = -2*h + 4*f, -4*h = f - 13 + 68. Let l(s) = -s**2 - 14*s - 7. Let u be l(h). Let y = u - -6. Calculate the remainder when y is divided by 4.
0
Suppose 5*h = -4*v + 130, -5*h = 3*v + 4 - 99. Calculate the remainder when 4055 is divided by v.
30
Suppose -201*o = -209*o + 4304. Suppose -8*b = -110 - o. What is the remainder when 82 is divided by b?
1
Suppose 15*y + 650 = -0*y + 65*y. What is the remainder when 4599 is divided by y?
10
Suppose -2*l - 4 = -3*l. Let y = -288 + 295. Calculate the remainder when (-3 + y)/(l/134) is divided by 17.
15
Let k = 80 + -61. Let p(m) = m**3 + 53*m**2 + 49*m - 62. Calculate the remainder when p(-52) is divided by k.
18
Let z be ((-3)/18 - 0) + (-1075)/(-150). Calculate the remainder when 515 is divided by (-1)/3 + z/((-105)/(-1115)).
71
Let x = -779 + 838. What is the remainder when 255 is divided by x?
19
Let j be (-2 - 12)*(0 + -1). Suppose j = -5*a + 4. Calculate the remainder when 23 is divided by 2 - (-11 - 0/(a - 1)).
10
Let k be (3 + 3/(-3) - -51)/(-1). Suppose s = 4*h + 88, s + 3*h - h - 64 = 0. Let g = k + s. Calculate the remainder when 35 is divided by g.
16
Let l(n) = 11*n**2 - n - 1. Let d(z) = z - 5. Let v be d(4). Let k = 7367 + -7259. What is the remainder when k is divided by l(v)?
9
Suppose -3*c - 3 - 1 = 2*a, 4 = -2*a + 2*c. Let o be a*18/24 - 175/(-2). Calculate the remainder when o - 5*10/25 is divided by 30.
24
Suppose -4*u - s + 540 = 0, 4*u - s - 560 = 3*s. Let f(h) = 7*h**2 + h - 1. What is the remainder when u is divided by f(2)?
20
Let g(w) = 89*w - 1572. Let t(a) = 2*a**3 + 2*a**2 + 4*a - 4. What is the remainder when t(3) is divided by g(18)?
20
Suppose 0 = 2*r + 8 - 48. What is the remainder when 266/84 + -4 + (-418)/(-12) is divided by r?
14
Suppose 3*d = 4*s - 2452, 110*s = 106*s - 3*d + 2452. What is the remainder when 615 is divided by s?
2
Let d(q) = -q**3 + 8*q**2 + 11*q - 7. Let n = -46 + -18. What is the remainder when (-1)/(-3)*n*-3 is divided by d(9)?
9
Calculate the remainder when 831 is divided by (-496)/(-2)*234/624.
87
Suppose 4*h + 96 = -4*k, h + 3*h = 0. Let g = -9 - k. Calculate the remainder when g is divided by 4.
3
Let i = -222 - -230. Let r(p) be the first derivative of p**4/4 - 3*p**3 + 4*p**2 + 11*p - 1. What is the remainder when 52 is divided by r(i)?
8
Let i be (-6)/24*-2*0. Suppose 2*h + g - 44 = -2*h, h - 4*g + 6 = i. What is the remainder when 18 is divided by h?
8
Suppose 1232 = 50*i + 26*i + 78*i. Calculate the remainder when 294 is divided by i.
6
Let w = 13325 - 11941. Calculate the remainder when w is divided by 38.
16
Suppose 4*i = -i + 25. Let f = 4808 - 4806. Suppose 3*h + 267 = i*y + 7*h, -87 = -f*y + 5*h. What is the remainder when y is divided by 18?
15
Suppose -15*j = s - 11*j - 26, 0 = -3*s + 3*j + 18. Let k(q) = -2*q - 2. Let i be k(-3). Suppose 0*c - i = -c. Calculate the remainder when s is divided by c.
2
What is the remainder when (7266 - (4 - 2)) + 10/((-110)/(-77)) is divided by 34?
29
Calculate the remainder when (510/136)/(12/112) is divided by 12.
11
Suppose -5*r = 3*f - 3300, -3*r + 3*f + 1413 = -591. Suppose 5*p = 22*p - r. What is the remainder when p is divided by 22?
17
Let o(d) = d - 9. Let z be o(13). Suppose z*q - 441 = x, -2*x = -2*q + 3*q - 117. Calculate the remainder when q is divided by 23.
19
Let q be 2/(-1)*(-99)/66. Suppose 0 = -5*r - q*o + 325 + 72, 0 = 5*r - 4*o - 404. What is the remainder when r is divided by (-30)/2*-1 - -2?
12
Let n be (-2)/(-6) + 1331/3. Let l be 3/(-2)*n/18. Let i = l + 40. What is the remainder when i is divided by 2?
1
Suppose -32*u = -7423 + 2175. Suppose 0 = -2*m - b + u, 114*b + 85 = m + 116*b. What is the remainder when m is divided by 24?
9
Suppose -3024 = 7*c + 392. Let x = c - -590. What is the remainder when x is divided by 13?
11
Let n = -17 + 21. Let o(j) be the second derivative of j**4/4 - j**3/3 + 3*j**2/2 + 108*j. Calculate the remainder when 84 is divided by o(n).
41
Suppose j = -3*y + 2, 10 = 3*j + 4. Suppose -3*s - 3*h + 33 = y, 4*s - 58 = 2*h - 2. Calculate the remainder when 48 is divided by s.
9
Let n(h) = 12*h**2 - 69*h - 6. Let u be n(6). Calculate the remainder when 173 is divided by 64 - u/((-8)/(-4)).
57
Let d(x) = 43*x + 2688. Calculate the remainder when 1868 is divided by d(-62).
20
Let p(q) = -q**3 + 26*q**2 - 24*q + 60. Let d be p(25). Let r = -38 + d. What is the remainder when 181 is divided by r?
40
Let u be 2/2*(-4)/((-16)/(-4)). What is the remainder when 55 is divided by (20 + -21)/(u/4)?
3
Let b(j) = j**3 - 23*j - 26. Calculate the remainder when b(7) is divided by 54.
48
Let i(z) = z**3 - z**2 + z + 2. Let u(j) = j - 2. Let f be u(7). Suppose 0 = 3*b + f - 140. Calculate the remainder when b is divided by i(3).
22
Suppose 0 = -94*u + 7815 + 2732 + 4399. Calculate the remainder when 278 is divided by u.
119
Let q(v) = v**3 - 13*v**2 - 12*v - 26. Let f be q(14). Suppose 4*d = 14 + f. Suppose -s = -7 - d. What is the remainder when 41 is divided by s?
8
Suppose 148*g + 952 = 150*g. Suppose -3*l - l - 646 = -h, 5*h - g = 3*l. Let o = l + 247. What is the remainder when o is divided by 44?
41
Let f(u) = 5*u + 182. Let r be f(-29). Suppose 31*n + 102 = r*n. Calculate the remainder when 21 is divided by n.
4
Let f(z) = -5*z**2 + 3. Let a be f(2). Let k(x) = -9*x - 57. Calculate the remainder when k(a) is divided by 17.
11
Let a(n) = 69*n - 924. What is the remainder when 1154 is divided by a(14)?
20
Let h(r) = 76*r - 210. What is the remainder when 309 is divided by h(4)?
27
Let j = 2596 + -2587. Calculate the remainder when 35 is divided by j.
8
Let n = 125 - 114. Suppose n*j = 7*j + s + 13, 3*j - 14 = 5*s. What is the remainder when (4 - 1)*1*308/66 is divided by j?
2
Calculate the remainder when ((-4718)/16)/((-156)/1248) is divided by 294.
7
Let p = 1720 - 763. What is the remainder when p is divided by 96?
93
Let h(b) = -606*b + 1754*b + b**2 - 588*b - 587*b + 67. Let d(y) = -5*y - 9. Let p be d(-7). What is the remainder when 81 is divided by h(p)?
40
Let y(b) = -7*b - 12. Let f be y(7). Let z = -56 - f. Suppose 5*h - 19 = -v, 7*v - z*h - 126 = 3*v. What is the remainder when 51 is divided by v?
22
Suppose 4*h - i = 581, -2*h - 273 = -4*h - 3*i. Suppose 159*u + 22357 - 7888 = 0. Let g = h + u. What is the remainder when 103 is divided by g?
50
Let j(f) = 7*f + 92. Let m be j(-13). Calculate the remainder when 69 is divided by 1/m*29 + -3.
17
Calculate the remainder when 2362*((-17)/(-2) - (8 - 0)) is divided by 70.
61
Let j = 846 + -170. Suppose 2*b - 562 = -4*c - 20, j = 5*c + b. What is the remainder when c is divided by 43?
6
Suppose -5*c - r + 114 = -3*c, 3*c - 5*r = 145. Let x = c -